 7*n - 2*n, 5*l + 3*n - 34729 = 0. Is l a composite number?
False
Let h = -718 - -1087. Let m = 526 - h. Is m a prime number?
True
Let o be 14/(-3)*24/(-28). Suppose -4*g + 370 = -c, 4*g = 2*g + o*c + 192. Suppose -2*v + v + 86 = 3*q, v + 5*q = g. Is v a composite number?
True
Let w(z) = -1545*z**2 - 1. Let t(m) = -3089*m**2 + m - 1. Let o(c) = -3*t(c) + 5*w(c). Is o(-1) a prime number?
True
Is (-32)/96 + ((-199282)/(-3))/1 composite?
True
Suppose -5*r - 3*i = 94, 2*r = -3*i - 9 - 34. Let m = -15 - r. Suppose 0 = -5*y - 3*x + 1028, 209 = y - m*x + 6*x. Is y prime?
False
Suppose 2*c + 4*a + 240 = 2*a, 2*c - a = -255. Let n = c - -756. Is n composite?
False
Is 32357 + 3*(-32)/24 prime?
True
Let k = 664 - -6597. Is k prime?
False
Suppose -1864 = -4*n - 2*l, -l + 508 - 2852 = -5*n. Let z be ((-16)/24)/(2/n). Is z/(-16) + (-1)/(-4) a prime number?
False
Let y be 3*29 + -2 + 1. Let p = y + -58. Let i = 131 - p. Is i composite?
False
Let h(c) = 97*c - 180. Is h(23) prime?
False
Let v(k) = 245*k**3 - 6*k**2 + 3*k - 1. Let y be v(2). Is 3/(-4) + y/12 a composite number?
True
Suppose 0 = 21*i - 2357891 + 882578. Is i composite?
True
Suppose 828*l - 822*l = 61266. Is l a prime number?
True
Let z(h) = h + 10. Let l be z(0). Let p be l/(-5) - 2/(-1). Suppose -i + 24 - 1 = p. Is i a prime number?
True
Let x = -603 - 100. Let v = x + 2064. Is v a prime number?
True
Let s = 96335 - 68704. Is s prime?
True
Let l be (-2)/5 - (-132)/30. Suppose -2*a + 2078 = 2*x, 2*x + l*a - 2082 = 3*a. Is x a prime number?
False
Suppose -755 = -2*k + 3*m, 1525 = 4*k - 3*m + 2*m. Let d = 9 + -5. Is k*d*(-1)/(-8) prime?
True
Suppose 0*z - 5*z = 0. Suppose 4*s = -4*p - z*s + 400, 3*p - 2*s = 275. Let g = p - 62. Is g prime?
False
Let s = 4951 + 672. Is s a composite number?
False
Let i(p) = 9*p**2 + 4*p - 12. Is i(-19) a prime number?
False
Let j = 5823 - 3942. Suppose 2*l + 3*l = 3*q - 3591, 2*q = -2*l + 2410. Let t = j - q. Is t a prime number?
False
Suppose -5*r = -5*z + 59890, -28 + 13 = -3*r. Is z a prime number?
False
Suppose 0 = -2*z + 4, 2*s = -4*z + 13 + 1. Suppose -5*u - 15 = 0, 2*u - 6*u - 3357 = -s*i. Is i composite?
True
Suppose -4*n + 208 + 80 = -4*t, 4*n = -3*t + 267. Is n a prime number?
False
Let s(u) be the second derivative of 0 + 1/6*u**4 + 2*u - 4/3*u**3 + 9/2*u**2. Is s(11) a prime number?
True
Suppose 4*b - 3149 = 3*b + l, 3*b - 9447 = l. Is b a prime number?
False
Let m(u) = -u - 23. Let g be m(-5). Is (-31059)/(-13) - g/(-117) prime?
True
Suppose -4*x = -5*z - 12, -z + 2*x + 0*x = 6. Suppose 0 = -4*t + d - 5*d + 36, 5*d - 21 = t. Suppose -t*a + 764 = -z*a. Is a a prime number?
True
Let k = -20 - -23. Suppose k*l = 2*l + 233. Is l a prime number?
True
Let b(v) = v**3 - 8*v**2 - 9*v + 2. Let q be b(9). Suppose 4*h + q*w = 3360, w + 4193 = 5*h - 0*w. Is h a composite number?
False
Let l = 58 + -57. Is (-4239)/(-18) + l/(-2) a composite number?
True
Is 2/(7 + -1)*(-1 - -2392) prime?
True
Let f = 2 + -8. Let y = -12 - f. Is (-2 - -4)*(-1941)/y a prime number?
True
Suppose -26 = 4*p + 5*c, -5*p = 3*c + c + 28. Let o be 18/4 - (-2)/p. Suppose -3*v + o*y + 243 = 0, 4*v = 3*y + 166 + 151. Is v a composite number?
True
Let j(l) = -l**2 + 15*l - 37. Let d be j(12). Is (1/d + -484)*-1 prime?
False
Let d be (-159)/21 - (-3)/(-7). Suppose 0*h + 4 = 2*h, -3*h = -3*l + 675. Is l/2 - (-4)/d prime?
True
Suppose 21*j - 49*j = -23464. Is j prime?
False
Let l(b) = 24*b - 22. Let y be l(9). Suppose -420 = -2*j + y. Suppose -j = -0*s - s. Is s a prime number?
True
Let i = 11 + -11. Suppose -2*s + 6 + i = 0. Suppose 3*r = v + 4*v + 772, 0 = s*r - 4*v - 767. Is r composite?
True
Let n be (-10)/(-4) - (-4)/(-8). Suppose n*z = -3*b + 3, 4*b - 2*b - 12 = 2*z. Suppose b*d + 595 = 8*d. Is d composite?
True
Let s be ((-22)/10 - -3)*5. Let v(t) = 5*t**2 + 2*t - 2. Is v(s) prime?
False
Let c = -58782 - -134809. Is c prime?
False
Suppose t - 2*q - 58899 = 0, -4*t - q + 79171 + 156380 = 0. Is t prime?
True
Suppose -b - v + 3*v = -2, -2*b + 3*v = 0. Let o be 1/b + (-1585)/(-6). Suppose 5*w = p + o, 6*p - p + 48 = w. Is w a prime number?
True
Let x(m) be the third derivative of -97*m**4/24 - 6*m**3 - 15*m**2. Is x(-11) a composite number?
False
Let y(x) = -x**3 + 8*x**2 - 7*x + 2. Let j be (1/3)/((-2)/(-42)). Let i be y(j). Suppose -3*u - t + 235 = 0, -3*u + 7*t - i*t + 211 = 0. Is u composite?
True
Let i be (-16)/(-28)*7/2. Suppose 5 = 4*m + m, -i*t + 2*m = -436. Is 4/(12/t) + -2 a prime number?
True
Let n = 23 + -17. Let w be 1/n + (-12)/72. Suppose w*k + 3*k = 261. Is k a prime number?
False
Suppose 4*c + 303 = -5*k + 4709, -4*k + 2206 = 2*c. Is c composite?
True
Let i(t) = 20*t**3 - 5*t**2 + 13. Is i(4) prime?
True
Let l(j) = 433*j - 80. Is l(9) prime?
False
Let y = -12111 + 27052. Is y prime?
False
Suppose 5*p - 3*l - 172598 = 0, 0 = p - 2*l + 6*l - 34515. Is p a prime number?
True
Let b(x) = -x - 4. Let v be b(-8). Suppose -226 = -5*c - 0*c - 2*n, -v*n = 5*c - 222. Is c composite?
True
Suppose -9*i = -11*i - n + 30381, 5*i + n = 75960. Is i a composite number?
False
Let s = -34 + 36. Suppose s*u - 4750 = -3*u + 3*q, 5*q = 25. Is u prime?
True
Let z(j) = 43*j**3 - j**2 - 4*j + 3. Let s be z(2). Let u = s - 186. Is u composite?
False
Suppose -24*x + 22*x + 7618 = 0. Is x prime?
False
Let g(y) = -4*y**2 + 10*y. Let h be g(7). Suppose l + l - 416 = -2*n, -5*n = -l - 1022. Let u = h + n. Is u composite?
False
Suppose 7*m = -5 - 16. Let s(z) = -16*z**3 - 4*z**2 - 4*z + 1. Is s(m) a composite number?
False
Is (78144/12 - 5) + 1*2 composite?
True
Suppose 1085 = -0*r + r - j, 5431 = 5*r - 2*j. Is r a prime number?
True
Let x be 9 - (3 - 2) - 3. Suppose -x = -5*g + 5. Suppose g*z - 214 - 24 = 0. Is z a prime number?
False
Suppose 8 = 4*y - 16. Suppose -3*q = -0*q - y. Suppose g = q*g - 113. Is g a composite number?
False
Let n(s) = 532*s. Let b(x) = -177*x. Let d(j) = -11*b(j) - 4*n(j). Let u be 2/8 + (-216)/96. Is d(u) a prime number?
False
Is 4*((-2)/(-12))/(6/151299) composite?
False
Let q(x) = 2*x + 2*x - 4 + x**2 - 2 - 3. Suppose -3*b = -5*m - 6*b - 25, 0 = 3*m + b + 19. Is q(m) a prime number?
True
Let q = 4562 + 45599. Is q prime?
False
Let z(v) = -44*v - 9. Let p(t) = t**3 - t**2 - 5*t + 2. Let l be p(4). Suppose -q + 5*d + l = -2*q, 3*q = 2*d - 5. Is z(q) composite?
False
Let n(w) = -59*w - 27. Let a be n(-10). Let t = a - 1. Is t prime?
False
Let v(i) = -6*i + 0*i - 2 - i**2 + 4*i + 5*i. Let c be v(3). Is (-10 + -3)*c*1 prime?
False
Let q(a) = 11*a**2 - 9*a + 83. Is q(25) composite?
False
Let n be (-29)/(2 - 3)*1. Let v = n - 31. Is -4 - v - -701 - 2 prime?
False
Let z(t) = 459*t + 29. Is z(7) composite?
True
Let p(l) = l**3 + 8*l**2 + 2. Let i be p(-8). Let f(b) = 3*b**2 - 3*b + 3. Let d be f(i). Let x(v) = 15*v - 20. Is x(d) a composite number?
True
Suppose 0*d = -2*d + 4474. Suppose -3*p - 4*b + d + 10032 = 0, -5*b = -3*p + 12278. Is p a prime number?
True
Is ((-5)/30*15)/(1/(-466)) composite?
True
Let d(n) = 45*n**3 + 4*n**2 + n + 7. Is d(5) a prime number?
True
Let j = -26 - -24. Let g(x) = -220*x - 3. Is g(j) a composite number?
True
Let x be 63 + 1*(-3 - -2). Suppose -5*j = -t + 116 + x, 934 = 5*t - 3*j. Suppose f - t + 3 = 4*o, 3*o = -4*f + 835. Is f prime?
False
Suppose 4*h - 10 = -2*f, h - 46 = -4*f + 2. Suppose -2*i + 1273 - f = -2*q, -2*q - 626 = -i. Is i composite?
True
Suppose -3*j - 65 = 10. Let q be -3638*(j/10)/5. Suppose -5*p = -q - 1456. Is p a prime number?
False
Suppose -3*k + 4*z - 8615 = 0, -4*z - 2 = -5*z. Let w = k - -5114. Is w a composite number?
True
Let l = 675 + -347. Suppose 0 = -4*k - p + l, 4*k + 4*p = 168 + 160. Let x = 115 - k. Is x a composite number?
True
Let l(g) = g**2 + 2*g - 10. Let x be l(3). Suppose 0 = -x*v + 5*k + 65 + 35, 0 = v + 2*k - 17. Is v a prime number?
True
Suppose 8*s + 7633 = 25*s. Is s prime?
True
Let d be (-12)/(-30) - 3946/(-10). Suppose 3*z - 2*z - d = 0. Is z composite?
True
Let g(d) = 4*d**2 + 11*d - 6. Let z = -4 + 11. Is g(z) a prime number?
False
Suppose 0 = 5*v - a - 657, 4*a - 758 + 242 = -4*v. Let l = 218 - v. Is l prime?
False
Suppose 3*t + 2*o - 20 = -t, -t + 5*o - 17 = 0. Let z(u) = u**3 + 2*u**2 - u - 4. Is z(t) composite?
True
Let f be (-3)/(-15) + (-2)/10. Suppose -3*h = 2*l + l - 2664, 3*l + 2*h - 2663 = f. 